92?
False
Does 26 divide 2797?
False
Does 146 divide 3504?
True
Does 3 divide 1158?
True
Does 20 divide 21473?
False
Is 26 a factor of 858?
True
Does 17 divide 5423?
True
Does 100 divide 1400?
True
Does 12 divide 3072?
True
Is 7 a factor of 544?
False
Is 4809 a multiple of 9?
False
Is 3749 a multiple of 236?
False
Does 9 divide 5381?
False
Is 952 a multiple of 17?
True
Is 232 a factor of 31784?
True
Is 7704 a multiple of 72?
True
Is 3290 a multiple of 70?
True
Does 10 divide 2794?
False
Is 74 a factor of 283?
False
Is 1743 a multiple of 54?
False
Is 388 a multiple of 2?
True
Is 8 a factor of 2648?
True
Is 30 a factor of 3960?
True
Is 6 a factor of 6510?
True
Is 106 a factor of 6219?
False
Does 82 divide 71668?
True
Does 71 divide 2059?
True
Is 6066 a multiple of 9?
True
Is 2 a factor of 140?
True
Is 1776 a multiple of 12?
True
Is 1115 a multiple of 40?
False
Is 15 a factor of 19039?
False
Is 338 a multiple of 13?
True
Does 77 divide 3542?
True
Is 17 a factor of 4710?
False
Is 9 a factor of 760?
False
Is 43472 a multiple of 8?
True
Is 8224 a multiple of 68?
False
Is 69 a factor of 20907?
True
Is 32277 a multiple of 203?
True
Is 3388 a multiple of 44?
True
Is 66901 a multiple of 16?
False
Is 3 a factor of 5?
False
Is 12 a factor of 2244?
True
Is 693 a multiple of 21?
True
Is 174 a factor of 4002?
True
Is 41 a factor of 14350?
True
Is 152 a factor of 32318?
False
Does 15 divide 5861?
False
Is 117 a factor of 1287?
True
Does 4 divide 100?
True
Is 24 a factor of 16953?
False
Is 1875 a multiple of 63?
False
Is 16 a factor of 678?
False
Is 112 a factor of 2464?
True
Is 50 a factor of 9828?
False
Is 15 a factor of 8919?
False
Is 60 a factor of 54420?
True
Is 8895 a multiple of 78?
False
Does 20 divide 215?
False
Is 20 a factor of 196?
False
Does 6 divide 2576?
False
Is 26 a factor of 4550?
True
Is 181 a factor of 74391?
True
Is 153 a factor of 12411?
False
Does 6 divide 796?
False
Is 22 a factor of 399?
False
Is 246 a factor of 16728?
True
Is 7 a factor of 1602?
False
Is 33 a factor of 714?
False
Is 8459 a multiple of 4?
False
Is 9 a factor of 125856?
True
Does 11 divide 1306?
False
Does 47 divide 502?
False
Is 18 a factor of 360?
True
Is 2 a factor of 14699?
False
Is 764 a multiple of 45?
False
Is 5 a factor of 3895?
True
Is 1386 a multiple of 18?
True
Does 5 divide 12080?
True
Does 10 divide 10?
True
Is 2244 a multiple of 2?
True
Does 9 divide 7044?
False
Is 12 a factor of 444?
True
Does 6 divide 11286?
True
Does 40 divide 1941?
False
Does 21 divide 10724?
False
Does 17 divide 1408?
False
Is 2120 a multiple of 31?
False
Does 22 divide 34848?
True
Does 93 divide 2407?
False
Is 1807 a multiple of 3?
False
Is 1274 a multiple of 40?
False
Is 25 a factor of 1177?
False
Is 14 a factor of 532?
True
Is 17 a factor of 52773?
False
Is 729 a multiple of 19?
False
Does 130 divide 75010?
True
Is 2288 a multiple of 13?
True
Is 19 a factor of 63883?
False
Is 20317 a multiple of 15?
False
Is 40 a factor of 1262?
False
Is 39 a factor of 2548?
False
Is 462 a multiple of 14?
True
Is 1032 a multiple of 8?
True
Is 204 a factor of 12648?
True
Is 25 a factor of 2500?
True
Does 30 divide 122403?
False
Does 62 divide 19344?
True
Is 3572 a multiple of 76?
True
Is 65960 a multiple of 8?
True
Is 1925 a multiple of 55?
True
Is 110 a factor of 7389?
False
Does 19 divide 10462?
False
Is 5984 a multiple of 176?
True
Is 273 a multiple of 15?
False
Is 64 a factor of 448?
True
Is 8668 a multiple of 11?
True
Is 13 a factor of 211?
False
Is 17 a factor of 9945?
True
Is 40 a factor of 14041?
False
Is 9 a factor of 729?
True
Does 28 divide 543?
False
Does 105 divide 49770?
True
Is 16 a factor of 704?
True
Is 1677 a multiple of 73?
False
Is 62680 a multiple of 8?
True
Is 1072 a multiple of 64?
False
Is 32 a factor of 5728?
True
Is 99 a factor of 12573?
True
Is 10 a factor of 252?
False
Does 81 divide 9043?
False
Does 52 divide 6032?
True
Is 144 a multiple of 19?
False
Is 85 a multiple of 62?
False
Does 12 divide 158?
False
Is 606 a multiple of 9?
False
Is 139 even?
False
Is 2769 a multiple of 13?
True
Is 7 a factor of 2688?
True
Is 231 a multiple of 7?
True
Does 63 divide 1638?
True
Is 823 a multiple of 26?
False
Does 9 divide 1187?
False
Does 89 divide 16419?
False
Is 25648 a multiple of 28?
True
Is 4 a factor of 132?
True
Does 5 divide 318?
False
Is 2664 a multiple of 18?
True
Does 2 divide 8362?
True
Is 270 a multiple of 10?
True
Is 6656 a multiple of 128?
True
Is 17 a factor of 14144?
True
Is 51 a factor of 54591?
False
Is 25 a factor of 475?
True
Does 7 divide 153?
False
Is 9 a factor of 35361?
True
Does 25 divide 7100?
True
Is 22 a factor of 5390?
True
Is 5 a factor of 300?
True
Is 9 a factor of 10078?
False
Is 30375 a multiple of 17?
False
Is 79 a factor of 9243?
True
Does 17 divide 29342?
True
Does 74 divide 4269?
False
Is 2 a factor of 3604?
True
Is 225 a multiple of 15?
True
Does 2 divide 463?
False
Is 14337 a multiple of 9?
True
Does 10 divide 96?
False
Is 756 a multiple of 21?
True
Is 120 a multiple of 28?
False
Is 5 a factor of 334?
False
Does 25 divide 450?
True
Does 37 divide 4773?
True
Is 38 a factor of 86115?
False
Does 27 divide 7496?
False
Does 15 divide 27734?
False
Is 33 a factor of 485?
False
Is 168 a multiple of 28?
True
Is 24 a factor of 2688?
True
Is 195 a factor of 8707?
False
Does 6 divide 9689?
False
Is 62336 a multiple of 195?
False
Is 867 a multiple of 22?
False
Is 1781 a multiple of 34?
False
Is 817 a multiple of 2?
False
Is 26 a factor of 3359?
False
Is 1880 a multiple of 20?
True
Does 4 divide 82?
False
Is 28 a factor of 29316?
True
Is 3747 a multiple of 4?
False
Is 1200 a multiple of 30?
True
Is 7321 a multiple of 8?
False
Is 23947 a multiple of 7?
True
Does 8 divide 21896?
True
Is 5445 a multiple of 55?
True
Is 67210 a multiple of 143?
True
Is 53196 a multiple of 22?
True
Is 200 a multiple of 20?
True
Is 44 a factor of 824?
False
Is 26 a factor of 780?
True
Does 20 divide 560?
True
Is 32901 a multiple of 93?
False
Is 5859 a multiple of 27?
True
Does 12 divide 636?
True
Does 8 divide 976?
True
Does 2 divide 316?
True
Is 31125 a multiple of 33?
False
Is 7 a factor of 104?
False
Does 14 divide 978?
False
Does 9 divide 18?
True
Is 919 a multiple of 11?
False
Is 2233 a multiple of 29?
True
Is 15485 a multiple of 28?
False
Is 11 a factor of 1667?
False
Is 25966 a multiple of 178?
False
Is 133 a factor of 13566?
True
Does 148 divide 14356?
True
Is 1855 a multiple of 30?
False
Is 38 a factor of 48146?
True
Is 43 a factor of 10493?
False
Is 1427 a multiple of 30?
False
Is 18 a multiple of 3?
True
Is 14896 a multiple of 14?
True
Is 256 a multiple of 11?
False
Does 7 divide 1294?
False
Does 21 divide 1316?
False
Is 8792 a multiple of 94?
False
Does 41 divide 6806?
True
Is 1140 a multiple of 19?
True
Is 124 a factor of 15374?
False
Is 987 a multiple of 13?
False
Does 3 divide 2692?
False
Is 524 a multiple of 77?
False
Is 1363 a multiple of 18?
False
Is 1558 a multiple of 11?
False
Is 42 a factor of 111287?
False
Is 284 a factor of 108772?
True
Is 11 a factor of 319?
True
Does 70 divide 1630?
False
Is 3380 a multiple of 130?
True
Does 20 divide 6191?
False
Is 9842 a multiple of 37?
True
Is 76 a factor of 1444?
True
Does 20 divide 408?
False
Is 146147 a multiple of 101?
True
Does 83 divide 37902?
False
Is 636 a multiple of 44?
False
Is 17 a factor of 3060?
True
Does 55 divide 255?
False
Is 3453 a multiple of 39?
False
Is 28548 a multiple of 267?
False
Is 7 a factor of 413?
True
Does 11 divide 9023?
False
Is 15438 a multiple of 7?
False
Does 14 divide 1488?
False
Is 12357 a multiple of 10?
False
Does 20 divide 3100?
True
Is 5985 a multiple of 21?
True
Does 6 divide 6414?
True
Does 4 divide 4604?
True
Is 350 a multiple of 7?
True
Does 49 divide 2106?
False
Is 11772 a multiple of 38?
False
Is 27936 a multiple of 256?
False
Is 29 a factor of 20996?
True
Is 13 a factor of 15210?
True
Does 8 divide 54?
False
Does 5 divide 14199?
False
Is 19 a factor of 399?
True
Does 140 divide 46456?
False
Is 49787 a multiple of 39?
False
Is 4 a factor of 104?
True
Does 38 divide 41285?
False
Is 786 a multiple of 18?
False
Does 263 divide 64961?
True
Is 24 a factor of 3792?
True
Is 6 a factor of 20139?
False
Is 9451 a multiple of 157?
False
Is 23 a factor of 56212?
True
Is 1369 a mult